{"id":2824,"date":"2026-03-23T19:25:18","date_gmt":"2026-03-23T18:25:18","guid":{"rendered":"https:\/\/gotobohuslan.com\/grebbestad\/?page_id=2824"},"modified":"2026-03-23T19:25:23","modified_gmt":"2026-03-23T18:25:23","slug":"syns-dar-dina-kunder-redan-letar","status":"publish","type":"page","link":"https:\/\/gotobohuslan.com\/grebbestad\/syns-dar-dina-kunder-redan-letar\/","title":{"rendered":"Syns d\u00e4r dina kunder redan letar."},"content":{"rendered":"\n<h2 class=\"wp-block-heading\">V\u00e4lkommen att annonsera p\u00e5 Go To Bohusl\u00e4n i Grebbestad.<\/h2>\n\n\n\n<p>H\u00e4r m\u00f6ter du bes\u00f6kare som aktivt s\u00f6ker upplevelser, mat, boende och inspiration \u00e5ret runt. Med en annons hos oss f\u00e5r ditt f\u00f6retag en naturlig plats i ett levande fl\u00f6de av inneh\u00e5ll som redan engagerar. <br>Du n\u00e5r r\u00e4tt m\u00e5lgrupp, i r\u00e4tt stund, med ett budskap som f\u00e5r ta plats och skapa resultat.<\/p>\n\n\n\n<p>H\u00e4r kan f\u00f6retag synas med ett erbjudande, ett evenemang eller ett budskap under en hel m\u00e5nad.<\/p>\n\n\n\n<p><strong>Pris:<\/strong> 850 kronor per m\u00e5nad eller 500kr f\u00f6r tv\u00e5 veckor<\/p>\n\n\n\n<p>Tanken \u00e4r att skapa en enkel och prisv\u00e4rd m\u00f6jlighet att n\u00e5 ut till bes\u00f6kare som redan \u00e4r intresserad av Grebbestad. Samtidigt hj\u00e4lper det turister att snabbt f\u00e5 en bild av vad som h\u00e4nder p\u00e5 orten just nu.<\/p>\n\n\n\n<h2 class=\"wp-block-heading\">H\u00f6gs\u00e4songens annonsplatser bokas upp nu!<\/h2>\n\n\n\n<p>F\u00f6r f\u00f6retag som vill synas lite extra finns ocks\u00e5 m\u00f6jlighet att annonsera p\u00e5 sidan.<\/p>\n\n\n\n<p>Vill du vara s\u00e4ker p\u00e5 att synas under h\u00f6gs\u00e4songen s\u00e5 b\u00f6rjar annonsplatserna att bokas upp, h\u00f6r av dig till agneta@gotobohuslan.com<\/p>\n\n\n\n<p><strong>Vi tar 500 kr f\u00f6r en vecka.<\/strong><\/p>\n\n\n\n<p>Det kan till exempel vara:<br>\u2022 banner p\u00e5 din f\u00f6retagssida<br>\u2022 banner p\u00e5 tematiska sidor som restauranger eller aktiviteter<br>\u2022 synlighet i artiklar<br>\u2022 placering p\u00e5 startsidan<\/p>\n\n\n\n<p>Beh\u00f6ver du hj\u00e4lp med annonser, trycksaker, menyer eller annat s\u00e5 hj\u00e4lper vi \u00e4ven till med det, bara att h\u00f6ra av sig.<\/p>\n","protected":false},"excerpt":{"rendered":"<p>V\u00e4lkommen att annonsera p\u00e5 Go To Bohusl\u00e4n i Grebbestad. H\u00e4r m\u00f6ter du bes\u00f6kare som aktivt s\u00f6ker upplevelser, mat, boende och inspiration \u00e5ret runt. Med en annons hos oss f\u00e5r ditt f\u00f6retag en naturlig plats i ett levande fl\u00f6de av inneh\u00e5ll som redan engagerar. Du n\u00e5r r\u00e4tt m\u00e5lgrupp, i r\u00e4tt stund, med ett budskap som f\u00e5r&#8230;<\/p>\n","protected":false},"author":2,"featured_media":2825,"parent":0,"menu_order":0,"comment_status":"closed","ping_status":"closed","template":"","meta":{"_acf_changed":false,"footnotes":""},"class_list":["post-2824","page","type-page","status-publish","has-post-thumbnail","hentry"],"acf":[],"yoast_head":"<!-- This site is optimized with the Yoast SEO plugin v26.9 - https:\/\/yoast.com\/product\/yoast-seo-wordpress\/ -->\n<title>Syns d\u00e4r dina kunder redan letar. - Grebbestad<\/title>\n<meta name=\"description\" content=\"Annonsera p\u00e5 Go To Bohusl\u00e4n i Grebbestad. N\u00e5 bes\u00f6kare som s\u00f6ker upplevelser, mat och boende. Syns r\u00e4tt, i r\u00e4tt tid, med ditt erbjudande.\" \/>\n<meta name=\"robots\" content=\"index, follow, max-snippet:-1, max-image-preview:large, max-video-preview:-1\" \/>\n<link rel=\"canonical\" href=\"https:\/\/gotobohuslan.com\/grebbestad\/syns-dar-dina-kunder-redan-letar\/\" \/>\n<meta property=\"og:locale\" content=\"sv_SE\" \/>\n<meta property=\"og:type\" content=\"article\" \/>\n<meta property=\"og:title\" content=\"Syns d\u00e4r dina kunder redan letar. - Grebbestad\" \/>\n<meta property=\"og:description\" content=\"Annonsera p\u00e5 Go To Bohusl\u00e4n i Grebbestad. N\u00e5 bes\u00f6kare som s\u00f6ker upplevelser, mat och boende. Syns r\u00e4tt, i r\u00e4tt tid, med ditt erbjudande.\" \/>\n<meta property=\"og:url\" content=\"https:\/\/gotobohuslan.com\/grebbestad\/syns-dar-dina-kunder-redan-letar\/\" \/>\n<meta property=\"og:site_name\" content=\"Grebbestad\" \/>\n<meta property=\"article:modified_time\" content=\"2026-03-23T18:25:23+00:00\" \/>\n<meta property=\"og:image\" content=\"https:\/\/gotobohuslan.com\/grebbestad\/wp-content\/uploads\/sites\/2\/2026\/03\/annonsera.png\" \/>\n\t<meta property=\"og:image:width\" content=\"1536\" \/>\n\t<meta property=\"og:image:height\" content=\"1024\" \/>\n\t<meta property=\"og:image:type\" content=\"image\/png\" \/>\n<meta name=\"twitter:card\" content=\"summary_large_image\" \/>\n<meta name=\"twitter:label1\" content=\"Ber\u00e4knad l\u00e4stid\" \/>\n\t<meta name=\"twitter:data1\" content=\"2 minuter\" \/>\n<script type=\"application\/ld+json\" class=\"yoast-schema-graph\">{\"@context\":\"https:\/\/schema.org\",\"@graph\":[{\"@type\":\"WebPage\",\"@id\":\"https:\/\/gotobohuslan.com\/grebbestad\/syns-dar-dina-kunder-redan-letar\/\",\"url\":\"https:\/\/gotobohuslan.com\/grebbestad\/syns-dar-dina-kunder-redan-letar\/\",\"name\":\"Syns d\u00e4r dina kunder redan letar. - Grebbestad\",\"isPartOf\":{\"@id\":\"https:\/\/gotobohuslan.com\/grebbestad\/#website\"},\"primaryImageOfPage\":{\"@id\":\"https:\/\/gotobohuslan.com\/grebbestad\/syns-dar-dina-kunder-redan-letar\/#primaryimage\"},\"image\":{\"@id\":\"https:\/\/gotobohuslan.com\/grebbestad\/syns-dar-dina-kunder-redan-letar\/#primaryimage\"},\"thumbnailUrl\":\"https:\/\/gotobohuslan.com\/grebbestad\/wp-content\/uploads\/sites\/2\/2026\/03\/annonsera.png\",\"datePublished\":\"2026-03-23T18:25:18+00:00\",\"dateModified\":\"2026-03-23T18:25:23+00:00\",\"description\":\"Annonsera p\u00e5 Go To Bohusl\u00e4n i Grebbestad. N\u00e5 bes\u00f6kare som s\u00f6ker upplevelser, mat och boende. Syns r\u00e4tt, i r\u00e4tt tid, med ditt erbjudande.\",\"breadcrumb\":{\"@id\":\"https:\/\/gotobohuslan.com\/grebbestad\/syns-dar-dina-kunder-redan-letar\/#breadcrumb\"},\"inLanguage\":\"sv-SE\",\"potentialAction\":[{\"@type\":\"ReadAction\",\"target\":[\"https:\/\/gotobohuslan.com\/grebbestad\/syns-dar-dina-kunder-redan-letar\/\"]}]},{\"@type\":\"ImageObject\",\"inLanguage\":\"sv-SE\",\"@id\":\"https:\/\/gotobohuslan.com\/grebbestad\/syns-dar-dina-kunder-redan-letar\/#primaryimage\",\"url\":\"https:\/\/gotobohuslan.com\/grebbestad\/wp-content\/uploads\/sites\/2\/2026\/03\/annonsera.png\",\"contentUrl\":\"https:\/\/gotobohuslan.com\/grebbestad\/wp-content\/uploads\/sites\/2\/2026\/03\/annonsera.png\",\"width\":1536,\"height\":1024,\"caption\":\"Annonsera Go To Bohusl\u00e4n i Grebbestad\"},{\"@type\":\"BreadcrumbList\",\"@id\":\"https:\/\/gotobohuslan.com\/grebbestad\/syns-dar-dina-kunder-redan-letar\/#breadcrumb\",\"itemListElement\":[{\"@type\":\"ListItem\",\"position\":1,\"name\":\"Hem\",\"item\":\"https:\/\/gotobohuslan.com\/grebbestad\/\"},{\"@type\":\"ListItem\",\"position\":2,\"name\":\"Syns d\u00e4r dina kunder redan letar.\"}]},{\"@type\":\"WebSite\",\"@id\":\"https:\/\/gotobohuslan.com\/grebbestad\/#website\",\"url\":\"https:\/\/gotobohuslan.com\/grebbestad\/\",\"name\":\"Grebbestad\",\"description\":\"\",\"publisher\":{\"@id\":\"https:\/\/gotobohuslan.com\/grebbestad\/#organization\"},\"potentialAction\":[{\"@type\":\"SearchAction\",\"target\":{\"@type\":\"EntryPoint\",\"urlTemplate\":\"https:\/\/gotobohuslan.com\/grebbestad\/?s={search_term_string}\"},\"query-input\":{\"@type\":\"PropertyValueSpecification\",\"valueRequired\":true,\"valueName\":\"search_term_string\"}}],\"inLanguage\":\"sv-SE\"},{\"@type\":\"Organization\",\"@id\":\"https:\/\/gotobohuslan.com\/grebbestad\/#organization\",\"name\":\"Go to Bohusl\u00e4n - Grebbestad\",\"url\":\"https:\/\/gotobohuslan.com\/grebbestad\/\",\"logo\":{\"@type\":\"ImageObject\",\"inLanguage\":\"sv-SE\",\"@id\":\"https:\/\/gotobohuslan.com\/grebbestad\/#\/schema\/logo\/image\/\",\"url\":\"https:\/\/gotobohuslan.com\/grebbestad\/wp-content\/uploads\/sites\/2\/2025\/06\/cropped-gotobohuslan-400x400-fill-250614.png\",\"contentUrl\":\"https:\/\/gotobohuslan.com\/grebbestad\/wp-content\/uploads\/sites\/2\/2025\/06\/cropped-gotobohuslan-400x400-fill-250614.png\",\"width\":512,\"height\":512,\"caption\":\"Go to Bohusl\u00e4n - Grebbestad\"},\"image\":{\"@id\":\"https:\/\/gotobohuslan.com\/grebbestad\/#\/schema\/logo\/image\/\"}}]}<\/script>\n<!-- \/ Yoast SEO plugin. -->","yoast_head_json":{"title":"Syns d\u00e4r dina kunder redan letar. - Grebbestad","description":"Annonsera p\u00e5 Go To Bohusl\u00e4n i Grebbestad. N\u00e5 bes\u00f6kare som s\u00f6ker upplevelser, mat och boende. Syns r\u00e4tt, i r\u00e4tt tid, med ditt erbjudande.","robots":{"index":"index","follow":"follow","max-snippet":"max-snippet:-1","max-image-preview":"max-image-preview:large","max-video-preview":"max-video-preview:-1"},"canonical":"https:\/\/gotobohuslan.com\/grebbestad\/syns-dar-dina-kunder-redan-letar\/","og_locale":"sv_SE","og_type":"article","og_title":"Syns d\u00e4r dina kunder redan letar. - Grebbestad","og_description":"Annonsera p\u00e5 Go To Bohusl\u00e4n i Grebbestad. N\u00e5 bes\u00f6kare som s\u00f6ker upplevelser, mat och boende. Syns r\u00e4tt, i r\u00e4tt tid, med ditt erbjudande.","og_url":"https:\/\/gotobohuslan.com\/grebbestad\/syns-dar-dina-kunder-redan-letar\/","og_site_name":"Grebbestad","article_modified_time":"2026-03-23T18:25:23+00:00","og_image":[{"width":1536,"height":1024,"url":"https:\/\/gotobohuslan.com\/grebbestad\/wp-content\/uploads\/sites\/2\/2026\/03\/annonsera.png","type":"image\/png"}],"twitter_card":"summary_large_image","twitter_misc":{"Ber\u00e4knad l\u00e4stid":"2 minuter"},"schema":{"@context":"https:\/\/schema.org","@graph":[{"@type":"WebPage","@id":"https:\/\/gotobohuslan.com\/grebbestad\/syns-dar-dina-kunder-redan-letar\/","url":"https:\/\/gotobohuslan.com\/grebbestad\/syns-dar-dina-kunder-redan-letar\/","name":"Syns d\u00e4r dina kunder redan letar. - Grebbestad","isPartOf":{"@id":"https:\/\/gotobohuslan.com\/grebbestad\/#website"},"primaryImageOfPage":{"@id":"https:\/\/gotobohuslan.com\/grebbestad\/syns-dar-dina-kunder-redan-letar\/#primaryimage"},"image":{"@id":"https:\/\/gotobohuslan.com\/grebbestad\/syns-dar-dina-kunder-redan-letar\/#primaryimage"},"thumbnailUrl":"https:\/\/gotobohuslan.com\/grebbestad\/wp-content\/uploads\/sites\/2\/2026\/03\/annonsera.png","datePublished":"2026-03-23T18:25:18+00:00","dateModified":"2026-03-23T18:25:23+00:00","description":"Annonsera p\u00e5 Go To Bohusl\u00e4n i Grebbestad. N\u00e5 bes\u00f6kare som s\u00f6ker upplevelser, mat och boende. Syns r\u00e4tt, i r\u00e4tt tid, med ditt erbjudande.","breadcrumb":{"@id":"https:\/\/gotobohuslan.com\/grebbestad\/syns-dar-dina-kunder-redan-letar\/#breadcrumb"},"inLanguage":"sv-SE","potentialAction":[{"@type":"ReadAction","target":["https:\/\/gotobohuslan.com\/grebbestad\/syns-dar-dina-kunder-redan-letar\/"]}]},{"@type":"ImageObject","inLanguage":"sv-SE","@id":"https:\/\/gotobohuslan.com\/grebbestad\/syns-dar-dina-kunder-redan-letar\/#primaryimage","url":"https:\/\/gotobohuslan.com\/grebbestad\/wp-content\/uploads\/sites\/2\/2026\/03\/annonsera.png","contentUrl":"https:\/\/gotobohuslan.com\/grebbestad\/wp-content\/uploads\/sites\/2\/2026\/03\/annonsera.png","width":1536,"height":1024,"caption":"Annonsera Go To Bohusl\u00e4n i Grebbestad"},{"@type":"BreadcrumbList","@id":"https:\/\/gotobohuslan.com\/grebbestad\/syns-dar-dina-kunder-redan-letar\/#breadcrumb","itemListElement":[{"@type":"ListItem","position":1,"name":"Hem","item":"https:\/\/gotobohuslan.com\/grebbestad\/"},{"@type":"ListItem","position":2,"name":"Syns d\u00e4r dina kunder redan letar."}]},{"@type":"WebSite","@id":"https:\/\/gotobohuslan.com\/grebbestad\/#website","url":"https:\/\/gotobohuslan.com\/grebbestad\/","name":"Grebbestad","description":"","publisher":{"@id":"https:\/\/gotobohuslan.com\/grebbestad\/#organization"},"potentialAction":[{"@type":"SearchAction","target":{"@type":"EntryPoint","urlTemplate":"https:\/\/gotobohuslan.com\/grebbestad\/?s={search_term_string}"},"query-input":{"@type":"PropertyValueSpecification","valueRequired":true,"valueName":"search_term_string"}}],"inLanguage":"sv-SE"},{"@type":"Organization","@id":"https:\/\/gotobohuslan.com\/grebbestad\/#organization","name":"Go to Bohusl\u00e4n - Grebbestad","url":"https:\/\/gotobohuslan.com\/grebbestad\/","logo":{"@type":"ImageObject","inLanguage":"sv-SE","@id":"https:\/\/gotobohuslan.com\/grebbestad\/#\/schema\/logo\/image\/","url":"https:\/\/gotobohuslan.com\/grebbestad\/wp-content\/uploads\/sites\/2\/2025\/06\/cropped-gotobohuslan-400x400-fill-250614.png","contentUrl":"https:\/\/gotobohuslan.com\/grebbestad\/wp-content\/uploads\/sites\/2\/2025\/06\/cropped-gotobohuslan-400x400-fill-250614.png","width":512,"height":512,"caption":"Go to Bohusl\u00e4n - Grebbestad"},"image":{"@id":"https:\/\/gotobohuslan.com\/grebbestad\/#\/schema\/logo\/image\/"}}]}},"_links":{"self":[{"href":"https:\/\/gotobohuslan.com\/grebbestad\/wp-json\/wp\/v2\/pages\/2824","targetHints":{"allow":["GET"]}}],"collection":[{"href":"https:\/\/gotobohuslan.com\/grebbestad\/wp-json\/wp\/v2\/pages"}],"about":[{"href":"https:\/\/gotobohuslan.com\/grebbestad\/wp-json\/wp\/v2\/types\/page"}],"author":[{"embeddable":true,"href":"https:\/\/gotobohuslan.com\/grebbestad\/wp-json\/wp\/v2\/users\/2"}],"replies":[{"embeddable":true,"href":"https:\/\/gotobohuslan.com\/grebbestad\/wp-json\/wp\/v2\/comments?post=2824"}],"version-history":[{"count":2,"href":"https:\/\/gotobohuslan.com\/grebbestad\/wp-json\/wp\/v2\/pages\/2824\/revisions"}],"predecessor-version":[{"id":2838,"href":"https:\/\/gotobohuslan.com\/grebbestad\/wp-json\/wp\/v2\/pages\/2824\/revisions\/2838"}],"wp:featuredmedia":[{"embeddable":true,"href":"https:\/\/gotobohuslan.com\/grebbestad\/wp-json\/wp\/v2\/media\/2825"}],"wp:attachment":[{"href":"https:\/\/gotobohuslan.com\/grebbestad\/wp-json\/wp\/v2\/media?parent=2824"}],"curies":[{"name":"wp","href":"https:\/\/api.w.org\/{rel}","templated":true}]}}